54 + -47?
10d
In base 10, what is 1574 - -55?
1629
In base 14, what is -654bc + a?
-654b2
In base 16, what is -235 - -c31?
9fc
In base 12, what is 525505 + 2?
525507
In base 13, what is -3ab + 33?
-378
In base 6, what is -4 + -15231?
-15235
In base 16, what is -3 - -2429?
2426
In base 12, what is -1 - 43468?
-43469
In base 9, what is -5 + -7135?
-7141
In base 9, what is -1655871 - 0?
-1655871
In base 11, what is -628a - 17?
-62a6
In base 7, what is -2 + 5136202?
5136200
In base 10, what is 104 + -5449?
-5345
In base 9, what is 4080 - -46?
4136
In base 11, what is -67 - 2a?
-96
In base 15, what is -3205 + 5?
-3200
In base 9, what is -3 + 3177878?
3177875
In base 9, what is 4 - -26608?
26613
In base 3, what is -11 - -2210102?
2210021
In base 13, what is -6529 + -b?
-6537
In base 14, what is -4 - -3d07?
3d03
In base 11, what is -8949 + -2?
-8950
In base 14, what is 0 + b5d?
b5d
In base 3, what is 112 + -11020200012?
-11020122200
In base 11, what is -10931 + -2?
-10933
In base 5, what is -220 - 433?
-1203
In base 4, what is -22023003 + -1000?
-22030003
In base 16, what is 2 - 8ca?
-8c8
In base 7, what is -1150106 + 4?
-1150102
In base 14, what is -1c7 + -1b1?
-398
In base 5, what is -4 - 3420?
-3424
In base 6, what is 101 + -1200?
-1055
In base 13, what is 17c + 37?
1b6
In base 3, what is -1101022210 - -100?
-1101022110
In base 10, what is -6033 - -176?
-5857
In base 4, what is 0 + -31102?
-31102
In base 13, what is 58 - 75?
-1a
In base 8, what is -4270 + -25?
-4315
In base 12, what is 2a - a39?
-a0b
In base 15, what is -837d + 3?
-837a
In base 13, what is -1c0 + 191b?
172b
In base 2, what is 101010 + 101111011001?
110000000011
In base 7, what is 0 + -110401?
-110401
In base 3, what is 12 + 12201220020?
12201220102
In base 15, what is 33e6 - 2?
33e4
In base 13, what is 85 + -16c?
-b7
In base 11, what is 5 - 20a27?
-20a22
In base 13, what is 1 - 4a73?
-4a72
In base 9, what is -62477 - -37?
-62440
In base 12, what is -2 + 7721?
771b
In base 8, what is -232 + -76?
-330
In base 10, what is 3 - -86637?
86640
In base 15, what is -5 + 1a1ea5?
1a1ea0
In base 4, what is 201 + -2023?
-1222
In base 14, what is 474d + 81?
47d0
In base 10, what is -2 + -260414?
-260416
In base 3, what is 11 + 2010222000?
2010222011
In base 13, what is -1 + -b218?
-b219
In base 5, what is -1024400144 - -10?
-1024400134
In base 10, what is -36 - 872?
-908
In base 3, what is -1120 + -102121?
-111011
In base 8, what is 1 + -4447360?
-4447357
In base 5, what is -10 - 1014043?
-1014103
In base 15, what is 15365 + 55?
153ba
In base 12, what is -8 + -16828?
-16834
In base 9, what is -604 - 27?
-632
In base 15, what is 2 - -8b40?
8b42
In base 5, what is -122212442 - -2?
-122212440
In base 14, what is 1a81 - -8?
1a89
In base 5, what is 1043 + 1434?
3032
In base 10, what is 5873 - 203?
5670
In base 4, what is -20113 - 120?
-20233
In base 2, what is 101010 - 11100?
1110
In base 9, what is 208354 - 3?
208351
In base 2, what is 1000100010 - -1010000100?
10010100110
In base 5, what is 310442340 - -3?
310442343
In base 12, what is 649b - 10?
648b
In base 3, what is 11002200 - -100?
11010000
In base 4, what is -3101 - 2012?
-11113
In base 16, what is -8 - -1f50?
1f48
In base 7, what is -20514 - 1430?
-22244
In base 15, what is -53e96 + 6?
-53e90
In base 15, what is 3 - -68b7c?
68b80
In base 6, what is -155 - -40233?
40034
In base 7, what is -4042 + -140?
-4212
In base 16, what is -5 + -329?
-32e
In base 10, what is 809027 + -2?
809025
In base 6, what is -1313 - -333?
-540
In base 8, what is -21014 + -5?
-21021
In base 10, what is -4 + -11307?
-11311
In base 6, what is -12120 + -2442?
-15002
In base 10, what is -509 - 10?
-519
In base 4, what is -320 + -100231232?
-100232212
In base 2, what is -11110001 + 11101000?
-1001
In base 11, what is 14183 + -8?
14176
In base 5, what is 144144010 - 4?
144144001
In base 9, what is 123 - -5307?
5431
In base 7, what is 3414 - 1152?
2232
In base 2, what is -101000011100000111 + -100?
-101000011100001011
In base 12, what is -110b + -685?
-1794
In base 5, what is -1344442242 - 3?
-1344442300
In base 11, what is 10 - -36959?
36969
In base 15, what is 2 + 8c2c?
8c2e
In base 8, what is -1436717 + 5?
-1436712
In base 3, what is 1212112122 - 11001?
1212101121
In base 7, what is 524042 + 5?
524050
In base 6, what is 3544332 + 3?
3544335
In base 2, what is -110001101100001010110 - 101?
-110001101100001011011
In base 5, what is -2323342 - 0?
-2323342
In base 6, what is -1 - -243135?
243134
In base 3, what is 1010 + 12220?
21000
In base 9, what is 711754 - -3?
711757
In base 15, what is -28 + -50d?
-536
In base 14, what is -23 - -11b6?
1193
In base 10, what is -2766552 + 2?
-2766550
In base 15, what is 19a0 - b?
1994
In base 2, what is 101 + -11101100100100?
-11101100011111
In base 5, what is 131204 - -10?
131214
In base 14, what is -521 - -364?
-19b
In base 7, what is -13336 + 103?
-13233
In base 15, what is -2640 + -1?
-2641
In base 15, what is 11 + 2ab5?
2ac6
In base 5, what is -2141401 + 0?
-2141401
In base 5, what is 3 - 4133442?
-4133434
In base 13, what is -1145c - 13?
-11472
In base 14, what is 3508 + -7?
3501
In base 9, what is -6 + -60210?
-60216
In base 9, what is -13126 - -33?
-13083
In base 16, what is -2 - -1592?
1590
In base 11, what is -8 + 140528?
140520
In base 16, what is -228 + -16c?
-394
In base 4, what is -11 + 23313133?
23313122
In base 11, what is 0 + -62386?
-62386
In base 6, what is -11224043 + 3?
-11224040
In base 10, what is 10 - 5345?
-5335
In base 7, what is -1 + -201414?
-201415
In base 2, what is 1101110010001101000 + 101?
1101110010001101101
In base 6, what is -5 - -4455424?
4455415
In base 16, what is -62 - -542b?
53c9
In base 11, what is -53 + -4a73?
-5016
In base 4, what is 230331 + -32000?
132331
In base 7, what is 162524 - -5?
162532
In base 13, what is -3b18 + -5c?
-3b77
In base 10, what is -6061 + 683?
-5378
In base 5, what is -303002232 + 3?
-303002224
In base 3, what is -10 + -22210100222?
-22210101002
In base 7, what is -246433 + -5?
-246441
In base 8, what is -110 + 60612?
60502
In base 8, what is -1262 + -61?
-1343
In base 7, what is -16 - -35334?
35315
In base 15, what is 832 + 3?
835
In base 9, what is 647 + -32?
615
In base 14, what is -6b0 - -11c?
-592
In base 10, what is 221593 - -4?
221597
In base 2, what is 10001000101110110101 - -10?
10001000101110110111
In base 3, what is -2221110 + 121201?
-2022202
In base 13, what is 5a86 + -4?
5a82
In base 5, what is -200 + 14?
-131
In base 9, what is -63 + 1516?
1443
In base 15, what is -1 - -695a?
6959
In base 16, what is 3d - -4e1e?
4e5b
In base 11, what is 45 + -2973a?
-296a5
In base 16, what is -94a - -10?
-93a
In base 9, what is 1506 - 1734?
-227
In base 8, what is -20035 + -1?
-20036
In base 16, what is dd - 9e4?
-907
In base 8, what is 30 - -1542?
1572
In base 2, what is 1011 + 101001?
110100
In base 5, what is 14 - -100043?
100112
In base 15, what is 2 - -aa7d?
aa80
In base 14, what is 72a - 5?
725
In base 3, what is 12211 + -112?
12022
In base 7, what is 4026636 + -5?
4026631
In base 9, what is 282023 + -23?
282000
In base 7, what is -2 - 1353435?
-1353440
In base 6, what is 5 + -34220?
-34211
In base 15, what is 0 - 23375e?
-23375e
In base 16, what is 545 + -517?
2e
In base 6, what is -1124 - -52105?
50541
In base 6, what is -3 + -144053?
-144100
In base 5, what is 11222 - -24434?
41211
In base 6, what is 4 + -323441?
-323433
In base 11, what is 2047 + -7?
2040
In base 7, what is 20266326 + -5?
20266321
In base 12, what is 12 + -2b4a?
-2b38
In base 5, what is -3 - 111303?
-111311
In base 5, what is 431422 - -2?
431424
In base 15, what is -4 + -c72?
-c76
In base 2, what is -1111100010111 - 11?
-1111100011010
In base 6, what is -50 - 2131403?
-2131453
In base 14, what is -128 + -2c?
-156
In base 9, what is -18264 + -41?
-18315
In base 14, what is -809 + 425?
-3c4
In base 14, what is -1879 - d?
-1888
In base 7, what is -106 - -41441?
41332
In base 15, what is -1bd6 - -1e?
-1bb7
In base 6, what is -523 + 33445?
32522
In base 9, what is -3 + 24553?
24550
In base 15, what is -23e9 - 3d?
-2437
In base 10, what is -402149 + -4?
-402153
In base 11, what is -26600 - 6?
-26606
In base 14, what is -1522 - -292?
-1270
In base 13, what is 1 + -80610?
-8060c
In base 12, what is 